factors of s.
3, 19
Let t be ((-16)/10)/((-16)/(-40)) - -4369. Suppose -t - 718 = -23*j. List the prime factors of j.
13, 17
Let h(a) = -12*a**2 + 1510*a + 43. List the prime factors of h(121).
23, 307
Let k be 3/18 - 125/30. Let y be k/(7/2 - 3). What are the prime factors of (-54)/(-4) - (2 - (-20)/y)?
2, 7
Suppose 2*f = 5*f + h - 8, -5*f + 5*h = 0. Suppose -6*q = -f*q - 44. Suppose 3*p + 283 = 4*s, 5*s - q*p - 315 = -15*p. What are the prime factors of s?
67
Let a(k) = -k**3 - 5*k**2 + 8*k + 24. Let x be a(-5). Let s(m) = -12*m**2 - 13 - m**3 - 21*m + 0*m**3 - 5*m**2. List the prime factors of s(x).
67
Let q(s) = -s**2 + s + 1. Let v(i) = 6*i**2 - 2*i - 31. Let o(u) = -5*q(u) - v(u). Let a be o(-8). What are the prime factors of (a/(-6))/(4/12)?
7
Suppose z = -3*g - 15, 0*z + 2*g = 4*z - 10. Suppose z*u - u + 7 = 0. Suppose u*m = 68 + 821. What are the prime factors of m?
127
Let v(r) = r**3 - r**2 - 11*r - 3. Let h be v(-3). What are the prime factors of (-4)/h - (-33700)/75?
2, 3, 5
Suppose -800032 = 17*x + 31*x - 64*x. List the prime factors of x.
2, 23, 1087
Let f(q) = -2*q - 22. Let x be f(-12). Suppose x*k - 22 = 512. Let o = -145 + k. What are the prime factors of o?
2, 61
Suppose -4*h + 106424 = 4*y, -10*y + 2*h = -9*y - 26588. List the prime factors of y.
2, 5, 7, 19
Let w = -63 - -107. Let z be ((-330)/w)/(-1 + (-1)/(-2)). Suppose 124 = 3*j + t - z, 5*j + 2*t = 233. List the prime factors of j.
3, 5
Let a be -3*((-2)/3)/1. Suppose 0 = 5*o - 2*w - 44, 2*w - 3*w + 13 = o. Suppose 131 = f - 0*m - 2*m, a*m = -o. What are the prime factors of f?
11
Let c = -15 + 12. Let w be (-3)/(6/(-14)) + c. Suppose 2*v - 236 = -w*m, -3*v = -v - 2*m - 206. What are the prime factors of v?
2, 3
Let a be ((2 - 1) + 3)/1. Suppose -3*v + 22 + 36 = a*d, d = 4. List the prime factors of (-556)/(-8) - 7/v.
3, 23
List the prime factors of (-1)/(-5) - 68247654/(-1830).
2, 29, 643
Let z(t) = 2*t**2 - 10*t + 101. Let m be z(-13). Let l = m + 69. List the prime factors of l.
2, 11, 29
What are the prime factors of (-8)/6 - (-41656)/12?
2, 5, 347
Let o = 2733 + 5856. What are the prime factors of o?
3, 7, 409
Let c(f) = -44*f - 7. Let q(s) = 90*s + 16. Let m(j) = -7*c(j) - 3*q(j). Suppose 4*o - 6 = 2*o. List the prime factors of m(o).
5, 23
Suppose -4*x - 20 = 0, 9*k + 326 = 11*k + 2*x. Let u = 400 - k. List the prime factors of u.
2, 29
Suppose 3*j - d = -5 + 16, -2*d = -5*j + 19. Suppose -7*k + 1378 = -j*k + 5*h, -k - 5*h = -337. List the prime factors of k.
347
Suppose -5*j - 28590 = -5*o, j + 11433 = 2*o - 0*o. List the prime factors of o.
3, 5, 127
Let v be (-23)/(-3) - (-1)/3. Let t be 37300/35 - 4/(-14). Suppose -t + 378 = -v*h. List the prime factors of h.
2, 43
Let p(x) = 3*x**3 - x**2 + 2*x. Let a be p(1). Suppose -3*w - 5*j = w + 195, 46 = -w - a*j. List the prime factors of (-357)/(-5) - (-20)/w.
71
Let q(r) = -r**3 - r**2 - r - 2. Let p be q(-2). Let o = 11 - p. Suppose 3*w = o*w - 96. What are the prime factors of w?
2, 3
Suppose -7*m - 17*m - 3144 = 0. Let z = m - -274. What are the prime factors of z?
11, 13
Let b = -53 + 55. Suppose -2*n + 3*x + 1 = 0, -1 + 5 = b*n - 4*x. List the prime factors of -10*n*(-18)/(-60).
2, 3
Let p be -2*(-15)/6 + (-11 - -5). What are the prime factors of 2931/24 - (p + 36/32)?
2, 61
Suppose -10*r + 9*r = 9. Let w be (1 + r)*69/(-92). What are the prime factors of (-12)/(-18) + 536/w?
2, 3, 5
Suppose -186*y + 187*y = 381. What are the prime factors of (y - -6)*(3 + -2)?
3, 43
Let m = -29 - -33. Suppose -2*n + n = -m*n. What are the prime factors of (n + -8)*215/(-10)?
2, 43
Let w = 823 - -4005. Let d = 6763 - w. What are the prime factors of d?
3, 5, 43
Suppose -13 = -3*p + 4*j, -7*j - 1 = -p - 9*j. Suppose 5*d - 1494 - 127 = 4*y, 0 = -2*d + p*y + 647. List the prime factors of d.
5, 13
Let n be ((-14)/(-10))/((-1)/(-5)). Let z(x) = -2*x**2 + 3*x + 23. Let a be z(n). List the prime factors of (a/(-8))/(3/24).
2, 3
Suppose -112 = -4*f - 4*x, 0 = -5*f - 16*x + 21*x + 110. Suppose 5*g - 2226 = 3*j, 4*j - 436 = f*g - 26*g. What are the prime factors of g?
2, 3, 37
Let k(j) = -6*j**2 + 49*j - 11. Let n be k(8). What are the prime factors of (-1588)/(-13) + (-18)/117 - n?
5
Let w = 33 - 30. Let u(l) = 10*l**2 - w + 54*l - 52*l + 3*l**3 - 2*l**3. List the prime factors of u(-5).
2, 7
Let k(p) = 9*p**2 + 5*p - 38. Suppose 0 = 5*r - 4*a - 38, -5*a + 8*a + 6 = 0. What are the prime factors of k(r)?
2, 79
List the prime factors of 3 + 43701/(-2)*78/(-117).
2, 5, 31, 47
Let j(c) = -c**3 - 24*c**2 - 22*c + 5. Let i be j(-23). Let l = i - -32. List the prime factors of (9 - l)*(0 - 11 - -1).
2, 5
Let k be 1 - (151 - 6/(-2)). Let i = 134 - k. List the prime factors of i.
7, 41
Let w(l) be the third derivative of -l**6/40 - l**5/15 + l**3/2 - 780*l**2. Let i be (-4)/6 + (-7)/3. List the prime factors of w(i).
2, 3
Suppose 68*x - 9358 = -21*x + 1058820. What are the prime factors of x?
2, 17, 353
Suppose 48*n - 4*p - 20366 = 47*n, 2*p + 20356 = n. What are the prime factors of n?
2, 3, 3391
Let c = -116 - -110. What are the prime factors of ((-676)/c)/((-26)/(-39))?
13
Suppose 2*x - 10142 = 4*p, -3*x + 2*p = -0*p - 15233. List the prime factors of x.
5081
List the prime factors of 22/(-22)*2*(-12088 - -2).
2, 6043
Suppose -5*v = -3*v - 22. Suppose 0 = 2*b - 5*x + v, 4*b - 20 = -0*x - 4*x. What are the prime factors of 5*((-336)/(-10))/b?
2, 3, 7
What are the prime factors of -21*(-23)/1288 + (-925866)/(-16)?
3, 19289
Let i = 5517 + -3669. Suppose 0 = -21*g + 9*g + i. List the prime factors of g.
2, 7, 11
List the prime factors of 11 - 12591/(-2) - -2*1/4.
7, 17, 53
Let l = 106 - 326. List the prime factors of 2/12*2 - l/6.
37
Suppose 58*p = 54*p + 3320. Suppose 2*s + 0*s + 2*z = 422, -4*s + 3*z = -p. What are the prime factors of s?
11, 19
Let k = 25221 - 7015. What are the prime factors of k?
2, 9103
Suppose 26*q = 93 + 11. List the prime factors of -142*(q + -8)/4.
2, 71
Suppose -w + u + 17362 = 0, 3*w - u - 29963 - 22117 = 0. What are the prime factors of w?
17359
Let c(v) = -23248*v + 511. List the prime factors of c(-1).
23, 1033
Suppose -36 = 7*c - 8*c. Suppose -y = -10*y + c. Suppose -5*m + 619 = 2*h, 0 = -2*m - 0*h - y*h + 238. What are the prime factors of m?
5
List the prime factors of ((-10)/3)/((-22139)/(-11070) + 1 - 3).
2, 3, 5, 41
Suppose 2*c + 3*s = -6, s = 4*c - 4*s + 56. Let x(m) = -80*m + 189. What are the prime factors of x(c)?
3, 101
Let s(y) = 117*y**2 + 12*y + 51. Let j be s(-7). Suppose 23*d = 27*d - j. List the prime factors of d.
3, 5, 19
Suppose -28821 = 22*s - 1. Let f = s + 2644. List the prime factors of f.
2, 23, 29
List the prime factors of 3000 + (2 - 3) - (54 - 57).
2, 19, 79
Let d = 21162 + -9320. What are the prime factors of d?
2, 31, 191
Let i = -544 + 564. List the prime factors of 3 - -6*i/15.
11
Suppose 3*y + 50 = 2*h, -2*y + 18*h - 22*h - 12 = 0. Let g(o) = -12*o + 116. What are the prime factors of g(y)?
2, 71
Let j = 974 + -653. Suppose 2*c - j = 1359. What are the prime factors of c?
2, 3, 5, 7
Let i(o) = -2*o**3 - 6*o**2 + 2*o + 3. Suppose -3*l = -m + 10, -4*m - l + 2*l - 15 = 0. Let s be i(m). Suppose 4*n - 35 = s. List the prime factors of n.
2
Let a(g) = -19*g + 130. Let f be a(6). Suppose 0 = -f*x + 14*x + 1266. List the prime factors of x.
3, 211
Let j(g) = g**3 - 6*g**2 - 2*g + 14. Let v be j(5). Let f(r) = r**3 + 24*r**2 + 45*r + 32. List the prime factors of f(v).
2, 5, 41
Suppose -3 = z + v, z = 4*v - 2*v + 6. Suppose -3*x + 3 = 0, 2*d - 3*x = -3 - 0. Suppose z = -6*w - d*w + 882. List the prime factors of w.
3, 7
List the prime factors of 25817 + 42*17/34.
2, 12919
Suppose -82 = -4*y - 22. Let x be (-6)/y + 2*4/(-5). List the prime factors of ((-14)/6)/(x*2/240).
2, 5, 7
Let t be -2*60/(-16) + (-6)/(-4). Suppose z - 64 = t. What are the prime factors of z?
73
Suppose 0 = 13*q - 37 + 11. List the prime factors of (-3835)/(-26) - q/4.
3, 7
Let d(h) = 3*h - 2*h**3 + h**3 + 31 - 107*h**2 + 118*h**2. List the prime factors of d(8).
13, 19
Let q = 27649 + -17511. What are the prime factors of q?
2, 37, 137
Let r(i) = -3*i**2 + 2*i - 4. Let b(j) = 16*j**2 + j + 10. Let f(o) = b(o) + 4*r(o). Let m be 5*(-1 + (0 - 0)). What are the prime factors of f(m)?
7
Let u(r) = -9807*r - 2934.